{"id":1858,"date":"2023-04-13T13:36:08","date_gmt":"2023-04-13T11:36:08","guid":{"rendered":"https:\/\/vsm.vivoptim-solutions.com\/?page_id=1858"},"modified":"2025-09-17T10:58:33","modified_gmt":"2025-09-17T08:58:33","slug":"addiction","status":"publish","type":"page","link":"https:\/\/vsm.vivoptim-solutions.com\/?page_id=1858","title":{"rendered":"Addiction"},"content":{"rendered":"\t\t<div data-elementor-type=\"wp-post\" data-elementor-id=\"1858\" class=\"elementor elementor-1858\">\n\t\t\t\t\t\t<section class=\"elementor-section elementor-top-section elementor-element elementor-element-74ba2fac elementor-section-boxed elementor-section-height-default elementor-section-height-default\" data-id=\"74ba2fac\" data-element_type=\"section\" data-e-type=\"section\" data-settings=\"{&quot;background_background&quot;:&quot;classic&quot;,&quot;shape_divider_bottom&quot;:&quot;triangle&quot;,&quot;shape_divider_bottom_negative&quot;:&quot;yes&quot;}\">\n\t\t\t\t\t\t\t<div class=\"elementor-background-overlay\"><\/div>\n\t\t\t\t\t\t<div class=\"elementor-shape elementor-shape-bottom\" aria-hidden=\"true\" data-negative=\"true\">\n\t\t\t<svg xmlns=\"http:\/\/www.w3.org\/2000\/svg\" viewBox=\"0 0 1000 100\" preserveAspectRatio=\"none\">\n\t<path class=\"elementor-shape-fill\" d=\"M500.2,94.7L0,0v100h1000V0L500.2,94.7z\"\/>\n<\/svg>\t\t<\/div>\n\t\t\t\t\t<div class=\"elementor-container elementor-column-gap-default\">\n\t\t\t\t\t<div class=\"elementor-column elementor-col-100 elementor-top-column elementor-element elementor-element-23262dea\" data-id=\"23262dea\" data-element_type=\"column\" data-e-type=\"column\">\n\t\t\t<div class=\"elementor-widget-wrap elementor-element-populated\">\n\t\t\t\t\t\t<div class=\"elementor-element elementor-element-27af6558 elementor-widget elementor-widget-heading\" data-id=\"27af6558\" data-element_type=\"widget\" data-e-type=\"widget\" data-settings=\"{&quot;_animation&quot;:&quot;none&quot;}\" data-widget_type=\"heading.default\">\n\t\t\t\t<div class=\"elementor-widget-container\">\n\t\t\t\t\t<h1 class=\"elementor-heading-title elementor-size-default\">Addiction<\/h1>\t\t\t\t<\/div>\n\t\t\t\t<\/div>\n\t\t\t\t\t<\/div>\n\t\t<\/div>\n\t\t\t\t\t<\/div>\n\t\t<\/section>\n\t\t\t\t<section class=\"elementor-section elementor-top-section elementor-element elementor-element-0149cdd elementor-section-boxed elementor-section-height-default elementor-section-height-default\" data-id=\"0149cdd\" data-element_type=\"section\" data-e-type=\"section\">\n\t\t\t\t\t\t<div class=\"elementor-container elementor-column-gap-default\">\n\t\t\t\t\t<div class=\"elementor-column elementor-col-25 elementor-top-column elementor-element elementor-element-93a7643\" data-id=\"93a7643\" data-element_type=\"column\" data-e-type=\"column\">\n\t\t\t<div class=\"elementor-widget-wrap elementor-element-populated\">\n\t\t\t\t\t\t<div class=\"elementor-element elementor-element-d5a0d8a elementor-position-top elementor-widget elementor-widget-image-box\" data-id=\"d5a0d8a\" data-element_type=\"widget\" data-e-type=\"widget\" data-widget_type=\"image-box.default\">\n\t\t\t\t<div class=\"elementor-widget-container\">\n\t\t\t\t\t<div class=\"elementor-image-box-wrapper\"><figure class=\"elementor-image-box-img\"><a href=\"https:\/\/vsm.vivoptim-solutions.com\/?p=2738\" tabindex=\"-1\"><img fetchpriority=\"high\" decoding=\"async\" width=\"726\" height=\"485\" src=\"https:\/\/vsm.vivoptim-solutions.com\/wp-content\/uploads\/2023\/05\/ref_001606_titre_vign.png\" class=\"elementor-animation-shrink attachment-full size-full wp-image-2740\" alt=\"\" srcset=\"https:\/\/vsm.vivoptim-solutions.com\/wp-content\/uploads\/2023\/05\/ref_001606_titre_vign.png 726w, https:\/\/vsm.vivoptim-solutions.com\/wp-content\/uploads\/2023\/05\/ref_001606_titre_vign-300x200.png 300w\" sizes=\"(max-width: 726px) 100vw, 726px\" \/><\/a><\/figure><div class=\"elementor-image-box-content\"><h5 class=\"elementor-image-box-title\"><a href=\"https:\/\/vsm.vivoptim-solutions.com\/?p=2738\">Les effets de l'alcool sur le cerveau<\/a><\/h5><\/div><\/div>\t\t\t\t<\/div>\n\t\t\t\t<\/div>\n\t\t\t\t\t<\/div>\n\t\t<\/div>\n\t\t\t\t<div class=\"elementor-column elementor-col-25 elementor-top-column elementor-element elementor-element-b869b7b\" data-id=\"b869b7b\" data-element_type=\"column\" data-e-type=\"column\">\n\t\t\t<div class=\"elementor-widget-wrap elementor-element-populated\">\n\t\t\t\t\t\t<div class=\"elementor-element elementor-element-3fd930a elementor-position-top elementor-widget elementor-widget-image-box\" data-id=\"3fd930a\" data-element_type=\"widget\" data-e-type=\"widget\" data-widget_type=\"image-box.default\">\n\t\t\t\t<div class=\"elementor-widget-container\">\n\t\t\t\t\t<div class=\"elementor-image-box-wrapper\"><figure class=\"elementor-image-box-img\"><a href=\"https:\/\/vsm.vivoptim-solutions.com\/?p=3316\" tabindex=\"-1\"><img decoding=\"async\" width=\"1024\" height=\"683\" src=\"https:\/\/vsm.vivoptim-solutions.com\/wp-content\/uploads\/2023\/06\/photo-1024x683.jpeg\" class=\"elementor-animation-shrink attachment-large size-large wp-image-3326\" alt=\"\" srcset=\"https:\/\/vsm.vivoptim-solutions.com\/wp-content\/uploads\/2023\/06\/photo-1024x683.jpeg 1024w, https:\/\/vsm.vivoptim-solutions.com\/wp-content\/uploads\/2023\/06\/photo-300x200.jpeg 300w, https:\/\/vsm.vivoptim-solutions.com\/wp-content\/uploads\/2023\/06\/photo-768x512.jpeg 768w, https:\/\/vsm.vivoptim-solutions.com\/wp-content\/uploads\/2023\/06\/photo-1536x1024.jpeg 1536w, https:\/\/vsm.vivoptim-solutions.com\/wp-content\/uploads\/2023\/06\/photo-2048x1365.jpeg 2048w\" sizes=\"(max-width: 1024px) 100vw, 1024px\" \/><\/a><\/figure><div class=\"elementor-image-box-content\"><h5 class=\"elementor-image-box-title\"><a href=\"https:\/\/vsm.vivoptim-solutions.com\/?p=3316\">L\u2019addiction aux drogues et m\u00e9dicaments<\/a><\/h5><\/div><\/div>\t\t\t\t<\/div>\n\t\t\t\t<\/div>\n\t\t\t\t\t<\/div>\n\t\t<\/div>\n\t\t\t\t<div class=\"elementor-column elementor-col-25 elementor-top-column elementor-element elementor-element-c786c49\" data-id=\"c786c49\" data-element_type=\"column\" data-e-type=\"column\">\n\t\t\t<div class=\"elementor-widget-wrap elementor-element-populated\">\n\t\t\t\t\t\t<div class=\"elementor-element elementor-element-a331dc2 elementor-position-top elementor-widget elementor-widget-image-box\" data-id=\"a331dc2\" data-element_type=\"widget\" data-e-type=\"widget\" data-widget_type=\"image-box.default\">\n\t\t\t\t<div class=\"elementor-widget-container\">\n\t\t\t\t\t<div class=\"elementor-image-box-wrapper\"><figure class=\"elementor-image-box-img\"><a href=\"https:\/\/vsm.vivoptim-solutions.com\/?p=2640\" tabindex=\"-1\"><img decoding=\"async\" width=\"726\" height=\"485\" src=\"https:\/\/vsm.vivoptim-solutions.com\/wp-content\/uploads\/2023\/05\/istock-1278742125.png\" class=\"elementor-animation-shrink attachment-full size-full wp-image-2643\" alt=\"\" srcset=\"https:\/\/vsm.vivoptim-solutions.com\/wp-content\/uploads\/2023\/05\/istock-1278742125.png 726w, https:\/\/vsm.vivoptim-solutions.com\/wp-content\/uploads\/2023\/05\/istock-1278742125-300x200.png 300w\" sizes=\"(max-width: 726px) 100vw, 726px\" \/><\/a><\/figure><div class=\"elementor-image-box-content\"><h5 class=\"elementor-image-box-title\"><a href=\"https:\/\/vsm.vivoptim-solutions.com\/?p=2640\">Les effets du tabac sur le circuit de r\u00e9compense<\/a><\/h5><\/div><\/div>\t\t\t\t<\/div>\n\t\t\t\t<\/div>\n\t\t\t\t\t<\/div>\n\t\t<\/div>\n\t\t\t\t<div class=\"elementor-column elementor-col-25 elementor-top-column elementor-element elementor-element-9faa964\" data-id=\"9faa964\" data-element_type=\"column\" data-e-type=\"column\">\n\t\t\t<div class=\"elementor-widget-wrap elementor-element-populated\">\n\t\t\t\t\t\t<div class=\"elementor-element elementor-element-fa46828 elementor-position-top elementor-widget elementor-widget-image-box\" data-id=\"fa46828\" data-element_type=\"widget\" data-e-type=\"widget\" data-widget_type=\"image-box.default\">\n\t\t\t\t<div class=\"elementor-widget-container\">\n\t\t\t\t\t<div class=\"elementor-image-box-wrapper\"><figure class=\"elementor-image-box-img\"><a href=\"https:\/\/vsm.vivoptim-solutions.com\/?p=2660\" tabindex=\"-1\"><img loading=\"lazy\" decoding=\"async\" width=\"726\" height=\"485\" src=\"https:\/\/vsm.vivoptim-solutions.com\/wp-content\/uploads\/2023\/05\/adobestock_193830434.png\" class=\"elementor-animation-shrink attachment-large size-large wp-image-2663\" alt=\"\" srcset=\"https:\/\/vsm.vivoptim-solutions.com\/wp-content\/uploads\/2023\/05\/adobestock_193830434.png 726w, https:\/\/vsm.vivoptim-solutions.com\/wp-content\/uploads\/2023\/05\/adobestock_193830434-300x200.png 300w\" sizes=\"(max-width: 726px) 100vw, 726px\" \/><\/a><\/figure><div class=\"elementor-image-box-content\"><h5 class=\"elementor-image-box-title\"><a href=\"https:\/\/vsm.vivoptim-solutions.com\/?p=2660\">Cyberd\u00e9pendance : un probl\u00e8me r\u00e9el ?<\/a><\/h5><\/div><\/div>\t\t\t\t<\/div>\n\t\t\t\t<\/div>\n\t\t\t\t\t<\/div>\n\t\t<\/div>\n\t\t\t\t\t<\/div>\n\t\t<\/section>\n\t\t\t\t<section class=\"elementor-section elementor-top-section elementor-element elementor-element-60ef05f elementor-section-boxed elementor-section-height-default elementor-section-height-default\" data-id=\"60ef05f\" data-element_type=\"section\" data-e-type=\"section\">\n\t\t\t\t\t\t<div class=\"elementor-container elementor-column-gap-default\">\n\t\t\t\t\t<div class=\"elementor-column elementor-col-25 elementor-top-column elementor-element elementor-element-97aa1d7\" data-id=\"97aa1d7\" data-element_type=\"column\" data-e-type=\"column\">\n\t\t\t<div class=\"elementor-widget-wrap elementor-element-populated\">\n\t\t\t\t\t\t<div class=\"elementor-element elementor-element-7e453ab elementor-position-top elementor-widget elementor-widget-image-box\" data-id=\"7e453ab\" data-element_type=\"widget\" data-e-type=\"widget\" data-widget_type=\"image-box.default\">\n\t\t\t\t<div class=\"elementor-widget-container\">\n\t\t\t\t\t<div class=\"elementor-image-box-wrapper\"><figure class=\"elementor-image-box-img\"><a href=\"https:\/\/vsm.vivoptim-solutions.com\/?p=2670\" tabindex=\"-1\"><img loading=\"lazy\" decoding=\"async\" width=\"726\" height=\"485\" src=\"https:\/\/vsm.vivoptim-solutions.com\/wp-content\/uploads\/2023\/05\/REF_002431_titre_vign.png\" class=\"elementor-animation-shrink attachment-full size-full wp-image-2672\" alt=\"\" srcset=\"https:\/\/vsm.vivoptim-solutions.com\/wp-content\/uploads\/2023\/05\/REF_002431_titre_vign.png 726w, https:\/\/vsm.vivoptim-solutions.com\/wp-content\/uploads\/2023\/05\/REF_002431_titre_vign-300x200.png 300w\" sizes=\"(max-width: 726px) 100vw, 726px\" \/><\/a><\/figure><div class=\"elementor-image-box-content\"><h5 class=\"elementor-image-box-title\"><a href=\"https:\/\/vsm.vivoptim-solutions.com\/?p=2670\">Peut-on \u00e9viter de devenir addict ?<\/a><\/h5><\/div><\/div>\t\t\t\t<\/div>\n\t\t\t\t<\/div>\n\t\t\t\t\t<\/div>\n\t\t<\/div>\n\t\t\t\t<div class=\"elementor-column elementor-col-25 elementor-top-column elementor-element elementor-element-60ab7b1\" data-id=\"60ab7b1\" data-element_type=\"column\" data-e-type=\"column\">\n\t\t\t<div class=\"elementor-widget-wrap elementor-element-populated\">\n\t\t\t\t\t\t<div class=\"elementor-element elementor-element-7687d4a elementor-position-top elementor-widget elementor-widget-image-box\" data-id=\"7687d4a\" data-element_type=\"widget\" data-e-type=\"widget\" data-widget_type=\"image-box.default\">\n\t\t\t\t<div class=\"elementor-widget-container\">\n\t\t\t\t\t<div class=\"elementor-image-box-wrapper\"><figure class=\"elementor-image-box-img\"><a href=\"https:\/\/vsm.vivoptim-solutions.com\/?p=2730\" tabindex=\"-1\"><img loading=\"lazy\" decoding=\"async\" width=\"725\" height=\"483\" src=\"https:\/\/vsm.vivoptim-solutions.com\/wp-content\/uploads\/2023\/05\/Le-vapotage-a-favoriser-ou-bien-a-deconseiller.png\" class=\"elementor-animation-shrink attachment-full size-full wp-image-2771\" alt=\"\" srcset=\"https:\/\/vsm.vivoptim-solutions.com\/wp-content\/uploads\/2023\/05\/Le-vapotage-a-favoriser-ou-bien-a-deconseiller.png 725w, https:\/\/vsm.vivoptim-solutions.com\/wp-content\/uploads\/2023\/05\/Le-vapotage-a-favoriser-ou-bien-a-deconseiller-300x200.png 300w\" sizes=\"(max-width: 725px) 100vw, 725px\" \/><\/a><\/figure><div class=\"elementor-image-box-content\"><h5 class=\"elementor-image-box-title\"><a href=\"https:\/\/vsm.vivoptim-solutions.com\/?p=2730\"> Le vapotage : \u00e0 favoriser ou bien \u00e0 d\u00e9conseiller ?<\/a><\/h5><\/div><\/div>\t\t\t\t<\/div>\n\t\t\t\t<\/div>\n\t\t\t\t\t<\/div>\n\t\t<\/div>\n\t\t\t\t<div class=\"elementor-column elementor-col-25 elementor-top-column elementor-element elementor-element-6e10850\" data-id=\"6e10850\" data-element_type=\"column\" data-e-type=\"column\">\n\t\t\t<div class=\"elementor-widget-wrap elementor-element-populated\">\n\t\t\t\t\t\t<div class=\"elementor-element elementor-element-3fb66ae elementor-position-top elementor-widget elementor-widget-image-box\" data-id=\"3fb66ae\" data-element_type=\"widget\" data-e-type=\"widget\" data-widget_type=\"image-box.default\">\n\t\t\t\t<div class=\"elementor-widget-container\">\n\t\t\t\t\t<div class=\"elementor-image-box-wrapper\"><figure class=\"elementor-image-box-img\"><a href=\"https:\/\/vsm.vivoptim-solutions.com\/?p=2014\" tabindex=\"-1\"><img loading=\"lazy\" decoding=\"async\" width=\"726\" height=\"485\" src=\"https:\/\/vsm.vivoptim-solutions.com\/wp-content\/uploads\/2023\/05\/Tabac-un-facteur-de-risque.png\" class=\"elementor-animation-shrink attachment-full size-full wp-image-2017\" alt=\"\" srcset=\"https:\/\/vsm.vivoptim-solutions.com\/wp-content\/uploads\/2023\/05\/Tabac-un-facteur-de-risque.png 726w, https:\/\/vsm.vivoptim-solutions.com\/wp-content\/uploads\/2023\/05\/Tabac-un-facteur-de-risque-300x200.png 300w\" sizes=\"(max-width: 726px) 100vw, 726px\" \/><\/a><\/figure><div class=\"elementor-image-box-content\"><h5 class=\"elementor-image-box-title\"><a href=\"https:\/\/vsm.vivoptim-solutions.com\/?p=2014\">Tabac, <br>un facteur de risque ?<\/a><\/h5><\/div><\/div>\t\t\t\t<\/div>\n\t\t\t\t<\/div>\n\t\t\t\t\t<\/div>\n\t\t<\/div>\n\t\t\t\t<div class=\"elementor-column elementor-col-25 elementor-top-column elementor-element elementor-element-ce95e8e\" data-id=\"ce95e8e\" data-element_type=\"column\" data-e-type=\"column\">\n\t\t\t<div class=\"elementor-widget-wrap elementor-element-populated\">\n\t\t\t\t\t\t<div class=\"elementor-element elementor-element-0d71278 elementor-position-top elementor-widget elementor-widget-image-box\" data-id=\"0d71278\" data-element_type=\"widget\" data-e-type=\"widget\" data-widget_type=\"image-box.default\">\n\t\t\t\t<div class=\"elementor-widget-container\">\n\t\t\t\t\t<div class=\"elementor-image-box-wrapper\"><figure class=\"elementor-image-box-img\"><a href=\"https:\/\/vsm.vivoptim-solutions.com\/?p=2701\" tabindex=\"-1\"><img loading=\"lazy\" decoding=\"async\" width=\"726\" height=\"485\" src=\"https:\/\/vsm.vivoptim-solutions.com\/wp-content\/uploads\/2023\/05\/diagram-of-human-liver_1.png\" class=\"elementor-animation-shrink attachment-full size-full wp-image-2704\" alt=\"\" srcset=\"https:\/\/vsm.vivoptim-solutions.com\/wp-content\/uploads\/2023\/05\/diagram-of-human-liver_1.png 726w, https:\/\/vsm.vivoptim-solutions.com\/wp-content\/uploads\/2023\/05\/diagram-of-human-liver_1-300x200.png 300w\" sizes=\"(max-width: 726px) 100vw, 726px\" \/><\/a><\/figure><div class=\"elementor-image-box-content\"><h5 class=\"elementor-image-box-title\"><a href=\"https:\/\/vsm.vivoptim-solutions.com\/?p=2701\">Les effets de l'alcool<br> sur le foie<\/a><\/h5><\/div><\/div>\t\t\t\t<\/div>\n\t\t\t\t<\/div>\n\t\t\t\t\t<\/div>\n\t\t<\/div>\n\t\t\t\t\t<\/div>\n\t\t<\/section>\n\t\t\t\t<section class=\"elementor-section elementor-top-section elementor-element elementor-element-f13ca77 elementor-section-boxed elementor-section-height-default elementor-section-height-default\" data-id=\"f13ca77\" data-element_type=\"section\" data-e-type=\"section\">\n\t\t\t\t\t\t<div class=\"elementor-container elementor-column-gap-default\">\n\t\t\t\t\t<div class=\"elementor-column elementor-col-25 elementor-top-column elementor-element elementor-element-089e43e\" data-id=\"089e43e\" data-element_type=\"column\" data-e-type=\"column\">\n\t\t\t<div class=\"elementor-widget-wrap elementor-element-populated\">\n\t\t\t\t\t\t<div class=\"elementor-element elementor-element-b3575fa elementor-position-top elementor-widget elementor-widget-image-box\" data-id=\"b3575fa\" data-element_type=\"widget\" data-e-type=\"widget\" data-widget_type=\"image-box.default\">\n\t\t\t\t<div class=\"elementor-widget-container\">\n\t\t\t\t\t<div class=\"elementor-image-box-wrapper\"><figure class=\"elementor-image-box-img\"><a href=\"https:\/\/vsm.vivoptim-solutions.com\/?p=2709\" tabindex=\"-1\"><img loading=\"lazy\" decoding=\"async\" width=\"726\" height=\"485\" src=\"https:\/\/vsm.vivoptim-solutions.com\/wp-content\/uploads\/2023\/05\/istock-1189301950_vignette_bonheur.png\" class=\"elementor-animation-shrink attachment-full size-full wp-image-2714\" alt=\"\" srcset=\"https:\/\/vsm.vivoptim-solutions.com\/wp-content\/uploads\/2023\/05\/istock-1189301950_vignette_bonheur.png 726w, https:\/\/vsm.vivoptim-solutions.com\/wp-content\/uploads\/2023\/05\/istock-1189301950_vignette_bonheur-300x200.png 300w\" sizes=\"(max-width: 726px) 100vw, 726px\" \/><\/a><\/figure><div class=\"elementor-image-box-content\"><h5 class=\"elementor-image-box-title\"><a href=\"https:\/\/vsm.vivoptim-solutions.com\/?p=2709\">Qu'est ce que la poly-addiction ?<\/a><\/h5><\/div><\/div>\t\t\t\t<\/div>\n\t\t\t\t<\/div>\n\t\t\t\t\t<\/div>\n\t\t<\/div>\n\t\t\t\t<div class=\"elementor-column elementor-col-25 elementor-top-column elementor-element elementor-element-c8de46f\" data-id=\"c8de46f\" data-element_type=\"column\" data-e-type=\"column\">\n\t\t\t<div class=\"elementor-widget-wrap elementor-element-populated\">\n\t\t\t\t\t\t<div class=\"elementor-element elementor-element-e1ca7d8 elementor-position-top elementor-widget elementor-widget-image-box\" data-id=\"e1ca7d8\" data-element_type=\"widget\" data-e-type=\"widget\" data-widget_type=\"image-box.default\">\n\t\t\t\t<div class=\"elementor-widget-container\">\n\t\t\t\t\t<div class=\"elementor-image-box-wrapper\"><figure class=\"elementor-image-box-img\"><a href=\"https:\/\/vsm.vivoptim-solutions.com\/?p=2721\" tabindex=\"-1\"><img loading=\"lazy\" decoding=\"async\" width=\"726\" height=\"485\" src=\"https:\/\/vsm.vivoptim-solutions.com\/wp-content\/uploads\/2023\/05\/addiction.png\" class=\"elementor-animation-shrink attachment-full size-full wp-image-2723\" alt=\"\" srcset=\"https:\/\/vsm.vivoptim-solutions.com\/wp-content\/uploads\/2023\/05\/addiction.png 726w, https:\/\/vsm.vivoptim-solutions.com\/wp-content\/uploads\/2023\/05\/addiction-300x200.png 300w\" sizes=\"(max-width: 726px) 100vw, 726px\" \/><\/a><\/figure><div class=\"elementor-image-box-content\"><h5 class=\"elementor-image-box-title\"><a href=\"https:\/\/vsm.vivoptim-solutions.com\/?p=2721\">Smartphone : apprendre \u00e0 d\u00e9crocher<\/a><\/h5><\/div><\/div>\t\t\t\t<\/div>\n\t\t\t\t<\/div>\n\t\t\t\t\t<\/div>\n\t\t<\/div>\n\t\t\t\t<div class=\"elementor-column elementor-col-25 elementor-top-column elementor-element elementor-element-6d239cc\" data-id=\"6d239cc\" data-element_type=\"column\" data-e-type=\"column\">\n\t\t\t<div class=\"elementor-widget-wrap elementor-element-populated\">\n\t\t\t\t\t\t<div class=\"elementor-element elementor-element-a1ae4e4 elementor-position-top elementor-widget elementor-widget-image-box\" data-id=\"a1ae4e4\" data-element_type=\"widget\" data-e-type=\"widget\" data-widget_type=\"image-box.default\">\n\t\t\t\t<div class=\"elementor-widget-container\">\n\t\t\t\t\t<div class=\"elementor-image-box-wrapper\"><figure class=\"elementor-image-box-img\"><a href=\"https:\/\/vsm.vivoptim-solutions.com\/?p=3972\" tabindex=\"-1\"><img loading=\"lazy\" decoding=\"async\" width=\"600\" height=\"400\" src=\"https:\/\/vsm.vivoptim-solutions.com\/wp-content\/uploads\/2024\/09\/Mois-sans-tabac-NL-novembre.png\" class=\"elementor-animation-shrink attachment-full size-full wp-image-3991\" alt=\"\" srcset=\"https:\/\/vsm.vivoptim-solutions.com\/wp-content\/uploads\/2024\/09\/Mois-sans-tabac-NL-novembre.png 600w, https:\/\/vsm.vivoptim-solutions.com\/wp-content\/uploads\/2024\/09\/Mois-sans-tabac-NL-novembre-300x200.png 300w\" sizes=\"(max-width: 600px) 100vw, 600px\" \/><\/a><\/figure><div class=\"elementor-image-box-content\"><h5 class=\"elementor-image-box-title\"><a href=\"https:\/\/vsm.vivoptim-solutions.com\/?p=3972\">Qu'est-ce que le craving et comment le surmonter ?<\/a><\/h5><\/div><\/div>\t\t\t\t<\/div>\n\t\t\t\t<\/div>\n\t\t\t\t\t<\/div>\n\t\t<\/div>\n\t\t\t\t<div class=\"elementor-column elementor-col-25 elementor-top-column elementor-element elementor-element-bd8c389\" data-id=\"bd8c389\" data-element_type=\"column\" data-e-type=\"column\">\n\t\t\t<div class=\"elementor-widget-wrap\">\n\t\t\t\t\t\t\t<\/div>\n\t\t<\/div>\n\t\t\t\t\t<\/div>\n\t\t<\/section>\n\t\t\t\t<\/div>\n\t\t","protected":false},"excerpt":{"rendered":"<p>Addiction Les effets de l&rsquo;alcool sur le cerveau L\u2019addiction aux drogues et m\u00e9dicaments Les effets du tabac sur le circuit de r\u00e9compense Cyberd\u00e9pendance : un probl\u00e8me r\u00e9el ? Peut-on \u00e9viter de devenir addict ? Le vapotage : \u00e0 favoriser ou bien \u00e0 d\u00e9conseiller ? Tabac, un facteur de risque ? Les effets de l&rsquo;alcool sur &hellip;<\/p>\n<p class=\"read-more\"> <a class=\"\" href=\"https:\/\/vsm.vivoptim-solutions.com\/?page_id=1858\"> <span class=\"screen-reader-text\">Addiction<\/span> Lire la suite\u00a0\u00bb<\/a><\/p>\n","protected":false},"author":1,"featured_media":0,"parent":0,"menu_order":0,"comment_status":"closed","ping_status":"closed","template":"","meta":{"rank_math_lock_modified_date":false,"_uag_custom_page_level_css":"","site-sidebar-layout":"no-sidebar","site-content-layout":"page-builder","ast-global-header-display":"","ast-banner-title-visibility":"","ast-main-header-display":"","ast-hfb-above-header-display":"","ast-hfb-below-header-display":"","ast-hfb-mobile-header-display":"","site-post-title":"disabled","ast-breadcrumbs-content":"","ast-featured-img":"disabled","footer-sml-layout":"","theme-transparent-header-meta":"default","adv-header-id-meta":"","stick-header-meta":"","header-above-stick-meta":"","header-main-stick-meta":"","header-below-stick-meta":"","footnotes":""},"class_list":["post-1858","page","type-page","status-publish","hentry"],"uagb_featured_image_src":{"full":false,"thumbnail":false,"medium":false,"medium_large":false,"large":false,"1536x1536":false,"2048x2048":false},"uagb_author_info":{"display_name":"wkhaloui@Vivoptim-solutions.com","author_link":"https:\/\/vsm.vivoptim-solutions.com\/author\/wkhalouivivoptim-solutions-com"},"uagb_comment_info":0,"uagb_excerpt":"Addiction Les effets de l&rsquo;alcool sur le cerveau L\u2019addiction aux drogues et m\u00e9dicaments Les effets du tabac sur le circuit de r\u00e9compense Cyberd\u00e9pendance : un probl\u00e8me r\u00e9el ? Peut-on \u00e9viter de devenir addict ? Le vapotage : \u00e0 favoriser ou bien \u00e0 d\u00e9conseiller ? Tabac, un facteur de risque ? Les effets de l&rsquo;alcool sur\u2026","_links":{"self":[{"href":"https:\/\/vsm.vivoptim-solutions.com\/index.php?rest_route=\/wp\/v2\/pages\/1858","targetHints":{"allow":["GET"]}}],"collection":[{"href":"https:\/\/vsm.vivoptim-solutions.com\/index.php?rest_route=\/wp\/v2\/pages"}],"about":[{"href":"https:\/\/vsm.vivoptim-solutions.com\/index.php?rest_route=\/wp\/v2\/types\/page"}],"author":[{"embeddable":true,"href":"https:\/\/vsm.vivoptim-solutions.com\/index.php?rest_route=\/wp\/v2\/users\/1"}],"replies":[{"embeddable":true,"href":"https:\/\/vsm.vivoptim-solutions.com\/index.php?rest_route=%2Fwp%2Fv2%2Fcomments&post=1858"}],"version-history":[{"count":115,"href":"https:\/\/vsm.vivoptim-solutions.com\/index.php?rest_route=\/wp\/v2\/pages\/1858\/revisions"}],"predecessor-version":[{"id":4255,"href":"https:\/\/vsm.vivoptim-solutions.com\/index.php?rest_route=\/wp\/v2\/pages\/1858\/revisions\/4255"}],"wp:attachment":[{"href":"https:\/\/vsm.vivoptim-solutions.com\/index.php?rest_route=%2Fwp%2Fv2%2Fmedia&parent=1858"}],"curies":[{"name":"wp","href":"https:\/\/api.w.org\/{rel}","templated":true}]}}